ctor of 37683 and 901.
53
Calculate the highest common divisor of 6974155 and 5.
5
Calculate the greatest common divisor of 30338 and 165.
11
Calculate the highest common divisor of 6655 and 7205.
55
Calculate the greatest common factor of 58416 and 192.
48
Calculate the highest common divisor of 10998 and 5694.
78
What is the highest common factor of 88 and 4768?
8
What is the highest common divisor of 47446 and 1246?
14
What is the highest common divisor of 23779 and 3913?
301
Calculate the highest common factor of 20 and 90716.
4
What is the greatest common divisor of 888 and 161394?
222
Calculate the highest common divisor of 7 and 1644.
1
What is the greatest common divisor of 188510 and 28?
14
What is the highest common divisor of 6644 and 88?
44
Calculate the greatest common factor of 1010 and 722655.
505
Calculate the greatest common factor of 591470 and 242.
22
What is the greatest common divisor of 1587 and 40457?
23
Calculate the greatest common divisor of 61214 and 241.
241
Calculate the highest common factor of 361455 and 15.
15
What is the highest common divisor of 4982 and 583?
53
Calculate the greatest common factor of 1536 and 468.
12
What is the highest common divisor of 228038 and 34?
34
What is the greatest common divisor of 73800 and 25050?
150
What is the greatest common divisor of 924 and 21?
21
Calculate the greatest common factor of 280 and 303632.
56
What is the highest common factor of 1081167 and 199?
199
Calculate the greatest common factor of 32 and 824.
8
What is the greatest common divisor of 21450 and 1980?
330
What is the highest common factor of 3 and 353?
1
What is the highest common factor of 3636 and 1044?
36
What is the greatest common factor of 246519 and 49?
49
Calculate the highest common divisor of 33 and 299398.
11
Calculate the greatest common factor of 45952 and 4.
4
What is the highest common factor of 27381 and 12?
3
Calculate the greatest common divisor of 146761 and 3104.
97
What is the highest common divisor of 970 and 5120?
10
Calculate the greatest common factor of 9801 and 12906.
27
Calculate the highest common factor of 402472 and 56.
56
Calculate the greatest common divisor of 12411 and 315.
63
What is the highest common factor of 35934 and 58830?
318
What is the greatest common divisor of 1 and 1787?
1
Calculate the greatest common factor of 27 and 1338.
3
Calculate the greatest common divisor of 25 and 1161485.
5
What is the greatest common factor of 216 and 13224?
24
Calculate the highest common factor of 7111288 and 376.
376
Calculate the highest common divisor of 22048 and 96.
32
Calculate the greatest common divisor of 2246840 and 160.
40
What is the highest common divisor of 222696 and 4104?
216
Calculate the highest common divisor of 6345 and 3015.
45
What is the greatest common factor of 84 and 103950?
42
Calculate the greatest common factor of 571220 and 20.
20
What is the greatest common factor of 55448 and 87?
29
What is the highest common divisor of 154 and 20846?
14
Calculate the highest common divisor of 14652 and 226884.
444
What is the highest common divisor of 28 and 6528?
4
What is the greatest common divisor of 620547 and 393?
393
Calculate the greatest common factor of 12005 and 63.
7
Calculate the greatest common divisor of 10653 and 15423.
159
What is the highest common divisor of 141102 and 2262?
78
What is the greatest common factor of 472 and 32472?
8
Calculate the highest common divisor of 50523 and 5.
1
Calculate the highest common divisor of 214 and 130219.
107
Calculate the highest common divisor of 135 and 293.
1
What is the highest common divisor of 2760 and 320?
40
Calculate the highest common divisor of 248 and 634.
2
What is the highest common factor of 222003 and 105923?
1451
Calculate the greatest common factor of 6317128 and 116.
116
What is the greatest common divisor of 24 and 3558?
6
Calculate the greatest common factor of 4400 and 3550.
50
Calculate the greatest common factor of 5529 and 23571.
291
What is the highest common factor of 137640 and 23560?
1240
Calculate the greatest common divisor of 46656 and 15296.
64
Calculate the highest common factor of 45 and 843975.
45
What is the greatest common divisor of 3240 and 442584?
648
Calculate the highest common factor of 37200 and 768.
48
Calculate the highest common divisor of 32 and 143044.
4
Calculate the greatest common factor of 175 and 3761.
1
Calculate the greatest common divisor of 4780 and 81380.
20
Calculate the greatest common factor of 387 and 267073.
43
What is the highest common factor of 188185 and 305?
305
Calculate the greatest common factor of 10647 and 171.
9
Calculate the greatest common divisor of 1079586 and 1332.
666
What is the highest common divisor of 252 and 95949?
63
What is the greatest common factor of 30 and 8610?
30
Calculate the highest common divisor of 70 and 57690.
10
Calculate the greatest common factor of 293172 and 924.
132
Calculate the greatest common factor of 61401 and 14137.
211
What is the highest common divisor of 25502 and 57224?
622
Calculate the highest common divisor of 1342 and 50630.
122
What is the highest common factor of 1780 and 855?
5
Calculate the highest common divisor of 21735 and 36570.
345
What is the highest common factor of 45855 and 540?
45
What is the highest common factor of 1073 and 138011?
29
Calculate the greatest common factor of 3344 and 240.
16
What is the highest common divisor of 7206 and 804?
6
Calculate the highest common factor of 1866386 and 62.
62
Calculate the highest common factor of 4118 and 406.
58
Calculate the greatest common divisor of 7147 and 35.
7
What is the greatest common factor of 3591 and 2489?
19
What is the highest common divisor of 266 and 18011?
7
What is the greatest common divisor of 56 and 46984?
56
What is the highest common factor of 112 and 278704?
16
What is the greatest common factor of 34 and 212466?
34
What is the highest common factor of 1310398 and 654?
218
Calculate the greatest common divisor of 1575 and 48195.
315
Calculate the highest common factor of 140 and 239000.
20
Calculate the highest common divisor of 99 and 79068.
33
Calculate the greatest common factor of 116446 and 790.
158
What is the highest common divisor of 1176 and 10332?
84
What is the greatest common factor of 90 and 174010?
10
What is the greatest common divisor of 1672 and 4712?
152
Calculate the highest common divisor of 1018832 and 1184.
592
What is the highest common divisor of 146 and 3681609?
73
What is the highest common factor of 184 and 17526?
46
Calculate the greatest common divisor of 82140 and 1036.
148
Calculate the greatest common factor of 34 and 68434.
2
Calculate the greatest common divisor of 18 and 24093.
9
Calculate the greatest common factor of 8 and 1702608.
8
What is the greatest common divisor of 15 and 74505?
15
Calculate the highest common divisor of 49 and 14103229.
49
Calculate the greatest common factor of 3230 and 78280.
190
What is the greatest common factor of 13050 and 1470?
30
Calculate the highest common factor of 3162 and 217.
31
Calculate the greatest common factor of 31992 and 387.
129
Calculate the highest common factor of 11309 and 989.
43
Calculate the highest common factor of 849224 and 24.
8
What is the greatest common factor of 2344 and 557286?
586
What is the greatest common divisor of 30673 and 37?
37
What is the highest common factor of 57996 and 13689?
81
What is the highest common factor of 1653 and 78242?
551
What is the highest common divisor of 12 and 35560?
4
Calculate the greatest common divisor of 18 and 1683.
9
Calculate the greatest common factor of 5206 and 76.
38
What is the highest common divisor of 650232 and 120?
24
Calculate the highest common factor of 462 and 5523210.
462
What is the highest common factor of 7902 and 18?
18
What is the greatest common factor of 1465 and 450?
5
What is the greatest common divisor of 7061318 and 968?
242
Calculate the greatest common divisor of 41184 and 2028.
156
Calculate the greatest common factor of 72982 and 5915.
91
What is the greatest common factor of 20 and 5145540?
20
What is the highest common factor of 136 and 14488?
8
Calculate the greatest common factor of 1452 and 51744.
132
What is the highest common 